is the tens digit of q?
1
Let g be (-3 + -50)/(2/4). What is the units digit of g*(-1)/(4 + -2)?
3
Suppose -9*i - 20 = -101. What is the units digit of i?
9
Let z(u) be the third derivative of 7*u**6/15 - u**4/24 + 2*u**2. Let k be z(1). Suppose 0 = -2*y - 4*s + 10, -3*y + k = -4*s. What is the units digit of y?
3
Let v = 185 - 98. What is the tens digit of v?
8
Let v = -152 + 219. What is the tens digit of v?
6
What is the tens digit of 4 - (2 + (-50)/5)?
1
Suppose -2*w + 109 = -73. What is the tens digit of w?
9
Let s(b) = -b**2 - 7*b - 19. Let a be s(-6). Suppose i - 38 = 5*v + 3*i, -i - 4 = 0. Let d = v - a. What is the units digit of d?
7
Suppose 0 = 4*x - 5*k - 224, -2*k - 56 = -x + 3*k. What is the tens digit of x?
5
Let a be (2/(-5))/(4/20). What is the units digit of (-2)/(2/8*a)?
4
Suppose 4*b - 2 = 2*u - 14, 14 = 3*u - 4*b. Let p = 6 - 5. What is the units digit of u - p/(1/(-3))?
5
Suppose -4*j = 2*y - 15 - 13, 0 = -4*y + 8. Let t = 8 + j. What is the units digit of t?
4
What is the units digit of 8/(-36) - 1448/(-36)?
0
Suppose -7*l = -4*o - 3*l + 684, -5*l = o - 195. What is the units digit of o?
5
Let r be (-558)/(-42) - (-4)/(-14). Suppose -4*w + 0*w + 4 = 0. Let l = r - w. What is the units digit of l?
2
Suppose -3*k = -0*k - 18. Suppose 0 = a - k - 3. What is the tens digit of -3 - (a/3 - 21)?
1
Suppose 2*x + 4 = -4*b - 6, -x + 7 = 5*b. Let p = x + 17. What is the units digit of p?
4
What is the tens digit of 29 - 8/(-3 - -1)?
3
Let c(l) = -2*l**2 + 0 - 2*l + 2*l**3 + 0. Let t be 2/((2 - 2) + 1). What is the units digit of c(t)?
4
Let w(g) = 2*g**2 - 5*g + 2. Let o be w(4). Let v = o + -4. What is the units digit of v?
0
Suppose i - 15 - 42 = -l, -4*i + 3*l + 256 = 0. Suppose -t - 65 = 4*t + 5*c, 4*c + i = -5*t. Let m = t + 18. What is the units digit of m?
9
What is the units digit of -5*(-8)/(-12)*-21?
0
Let r = 136 + -26. Let w be r/(-25) + 2/5. Let q = 14 + w. What is the tens digit of q?
1
Let n(d) = -17*d**2 + 1. Let r be n(1). What is the tens digit of r/32 + (-86)/(-4)?
2
Suppose 4*j = n + 30, 2*n + j + 15 = -0*j. Suppose -40 = 3*k - 5*k. What is the units digit of (-64)/n + (-8)/k?
6
Let w be 1*(-5)/3*-3. Suppose 2 - 7 = -w*j. Let t(q) = 16*q**3 - 2*q**2 + q. What is the tens digit of t(j)?
1
Let h = 3 - 3. Suppose 2*p = -h*p + 14. Suppose 3*j = 4*q - 8*q + 51, 2*q = j - p. What is the tens digit of j?
1
Let j(p) = 4*p**2 - p - 9. What is the units digit of j(6)?
9
Let j(t) = 2*t + 1. Let q be j(-1). What is the units digit of q/((-4)/20)*3?
5
Let i(b) = -b - 4. Let h = -2 + 2. Let j be i(h). What is the units digit of j/8 + (-17)/(-2)?
8
Let v = 34 + -24. What is the tens digit of v?
1
Let y(b) = 22*b**3 + 6*b**2 + 2*b - 1. What is the hundreds digit of y(2)?
2
Let k = 41 + -22. Let t = 30 - k. What is the units digit of t?
1
Suppose 3*n + s - 3 = 0, 4 = 8*n - 4*n + 2*s. Let v be -1 - (n - (0 - -1)). What is the units digit of 2 + -2 + (-7)/v?
7
Suppose -3*l + 128 = -511. What is the tens digit of l?
1
Let a(f) = -2*f + 1. Let h be a(-2). Suppose -h = -j - 4*j. What is the units digit of j?
1
Let o(b) = 9*b**3 - b**2 + 1. Let t be o(-1). Let m(z) = -z + 1. Let j be m(t). Let s = 20 - j. What is the tens digit of s?
1
Let v(h) = -h**3 + 9*h**2 - 7*h - 9. Let i be v(8). Let n(f) = 12*f**2 + 2*f + 1. What is the units digit of n(i)?
1
Suppose 4*g + v - 486 = 0, g - 608 = -4*g - v. What is the units digit of g?
2
Suppose 3*h = -5*m - 16, -h + 3*h + 10 = -4*m. Let u(d) = 5*d**2 + 4*d**2 + d**3 + 9 - 3*d**2 - 6*d. What is the units digit of u(h)?
2
Suppose -2*l + 15 = 3*l. Let x(y) = 9*y**2 + 2*y. Let n(z) = 5*z**2 + z. Let o(m) = l*x(m) - 5*n(m). What is the units digit of o(-1)?
1
Let y = 2 + 48. What is the units digit of y?
0
Let v be (-3)/(-3) - (1 + 0). What is the tens digit of (-1 - v)/((-2)/46)?
2
Let p be -8*(-1 - -2)*-1. Let t = 14 - p. What is the units digit of t?
6
Let z be (18/21)/(2/14). Let a = z - 0. What is the units digit of a?
6
Let h be 6/15 - 256/(-10). Suppose 0 = 5*p - 3*p - h. What is the units digit of p?
3
Suppose -4*n = -3*f - 24, f = 2*n + 2*n - 16. What is the units digit of 8/(-10)*(n - 13)?
8
Suppose -2*w + 32 = 4*u - 2, -5*w - 5 = 0. What is the units digit of 160/u + (-2)/(-9)?
8
Suppose -2 - 4 = -3*p. Suppose p*v - 6*v = -16. What is the units digit of v?
4
Suppose 5*w - 351 = 2*w. What is the hundreds digit of w?
1
Let i(f) = -9*f**2 + 2*f - 1. Let p(l) = 10*l**2 - 3*l + 2. Let q(b) = -6*i(b) - 5*p(b). What is the units digit of q(-3)?
3
Suppose -3*a + l + 6 = -0*l, -3*l = 4*a - 8. Suppose 2*x = 2*b - a*x - 34, 4*b - 56 = 2*x. What is the tens digit of b?
1
Let q(z) = -z**2 - 3*z - 3. Suppose 16 = -0*c - 4*c. Let g be q(c). Let v = -2 - g. What is the units digit of v?
5
Let d be (-6)/21 + (-121)/(-7). What is the units digit of d/3 + 1/3?
6
Suppose 0 = -h + 5*h - 160. What is the units digit of h?
0
Let s(o) = 8*o**2 - o + 1 - 3 + 0 + 3. Let u be s(2). Suppose -4*b + 3*b - u = -5*r, r - 4*b = -9. What is the units digit of r?
7
Let r be -1 - (-2 + 2 + -3). Let s(v) = v**3 - 4*v**2 - 1. Let k be s(5). Suppose -a = r*a - k. What is the units digit of a?
8
Suppose -4*f + 10 = -6*f, 500 = 5*b - 4*f. What is the units digit of b?
6
What is the units digit of ((-6)/(-3))/(3/12)?
8
Suppose 0 = 3*d + d - 12. Suppose 0 = 2*p - 2*k - 58, -5*k - 5 - 92 = -d*p. What is the units digit of p?
4
Let y(f) = -f**2 + 6*f + 4. What is the units digit of y(5)?
9
Suppose 4*f - 13 + 1 = 0. Suppose -102 = 4*x + f*k, 5*k - 2*k + 78 = -3*x. What is the units digit of ((-4)/(-6))/((-8)/x)?
2
Suppose c + 10 = 3*o, -4*c - 1 = -2*o + 3*o. Let l = -2 + 1. Let v = o + l. What is the units digit of v?
2
Suppose -2*p + 5*b = -154, -2*p - p - b = -214. Suppose 5*q - p = 5*a - 2*a, 2*a - 2 = 0. What is the tens digit of q?
1
Let g be 5/(-10)*8*-1. Suppose -y + 5*d = -7 - 18, -3*y = -g*d - 53. What is the units digit of y?
5
What is the tens digit of ((-156)/15)/(4/(-10))?
2
Suppose 3*d = -0*d. Suppose d = 3*r - 5 + 2. What is the units digit of r?
1
Suppose -5*i - 2 - 13 = 0. What is the units digit of 2*2/(-4)*i?
3
Let o = 580 + -345. What is the tens digit of o?
3
Let s be (-8)/(-6)*(-9)/(-3). Suppose -2*c = s*y - 22, -4*c + 29 = -y - 42. What is the tens digit of c?
1
Suppose v + 18 = 2*v + 5*m, v - 2*m + 3 = 0. Suppose 0 = -v*n + 2*n + 10. What is the tens digit of n?
1
Suppose -3*k = -12, 568 = -6*j + 10*j + 2*k. What is the hundreds digit of j?
1
Suppose a + s + 0 - 12 = 0, -32 = -3*a - 2*s. What is the units digit of a - (-2 - 7)/3?
1
Let p(q) = q**3 + 9*q**2 + 5*q + 20. What is the tens digit of p(-8)?
4
Let p(u) = -4*u**3 + 2*u**2 - 2*u + 1. Let h be p(1). Let n be h/(-2 - 1) - -6. Let a = n - 2. What is the units digit of a?
5
Let d be ((-3)/9)/(1/(-6)). Suppose -d*b = -7*b. Suppose -u + 4*u - 27 = b. What is the units digit of u?
9
Let r(k) = -k**2 - 3*k + 3. Let i be r(-3). Let x = i + 2. Let v(b) = b**3 - 6*b**2 + 6*b + 7. What is the units digit of v(x)?
2
What is the units digit of 128/14 + (-10)/70?
9
Suppose 7*u - 2*u = -3*o - 15, 0 = 4*u + 2*o + 10. Suppose u = -0*h - 3*h. Suppose h = y, -4*y + 0*y = 2*c - 18. What is the units digit of c?
9
Suppose 6*c - c + 50 = 0. Let o(a) = -3*a - 12. What is the tens digit of o(c)?
1
Let k be (-2)/5 + (-17)/(-5). Suppose 3*a + 4 = -2. Let o = k + a. What is the units digit of o?
1
Let h = -32 + 59. What is the units digit of h?
7
Let c be -1*(3 + 57)/(-4). What is the units digit of 3/c - 72/(-15)?
5
Suppose -5*v = -8*v + 150. What is the units digit of v?
0
What is the hundreds digit of (-1396)/(-6) + 21/63?
2
Let g(m) = -m + 44. What is the units digit of g(13)?
1
Let k = 17 - 17. Let n be 6 + 4/((-4)/(-2)). Suppose k = -5*v + 62 + n. What is the tens digit of v?
1
Let f(i) = -i**3 + 13*i**2 + 15*i + 10. What is the tens digit of f(14)?
2
Let l = -9 - -18. Suppose -4*t = -l*t + 5. What is the units digit of t?
1
Let w be 1/3 + (-10)/3. Let z = -3 - w. Let h = 1 - z. What is the units digit of h?
1
Suppose -2*t + 242 = 4*b, -b - 4*t = 4*b - 301. What is the units digit of b?
1
Let c(a) = -2*a - a**2 + 1 + 4 - 6*a. What is the units digit of c(-7)?
2
Let q = -94 - -17. Let b = -53 - q. What is the tens digit of b?
2
Suppose -4*u = 133 - 13. Let o = u + 48. W